prime?
False
Is 22688201 composite?
False
Is 131442721 composite?
False
Is 386429047 composite?
False
Is 112455751 a composite number?
False
Is 10550143 prime?
False
Is 2401727 a composite number?
False
Is 31862023 a composite number?
False
Is 4047871 a prime number?
False
Is 24605707 prime?
False
Is 2942657 composite?
False
Is 484541443 a composite number?
False
Is 73833 composite?
True
Is 15968521 prime?
True
Is 1214111 a composite number?
True
Is 1552099 a prime number?
False
Is 94534523 a prime number?
True
Is 51741367 prime?
True
Is 34302941 a prime number?
True
Is 29506 composite?
True
Is 187682149 composite?
False
Is 189370843 a composite number?
True
Is 3403171 a composite number?
False
Is 3417163 composite?
False
Is 448241 a composite number?
False
Is 31956217 composite?
False
Is 175806229 composite?
False
Is 25036951 prime?
True
Is 37572715 composite?
True
Is 59607115 prime?
False
Is 49173499 prime?
False
Is 403669 prime?
False
Is 1714413 composite?
True
Is 18148387 prime?
False
Is 1558397 a prime number?
True
Is 10165829 a prime number?
True
Is 2255801 composite?
True
Is 2065781 prime?
False
Is 1739981 composite?
False
Is 437056271 a prime number?
False
Is 66049259 composite?
False
Is 2509669 a composite number?
True
Is 1967271 prime?
False
Is 476861195 composite?
True
Is 24705193 a prime number?
False
Is 65036638 a prime number?
False
Is 189378949 composite?
False
Is 5497413 a prime number?
False
Is 1988113 a composite number?
False
Is 488029 a prime number?
False
Is 198577081 prime?
True
Is 18659255 prime?
False
Is 18819593 prime?
False
Is 94159537 a prime number?
True
Is 711564697 prime?
False
Is 101061854 prime?
False
Is 17460973 a prime number?
True
Is 1794953 prime?
False
Is 303733007 a composite number?
False
Is 589021 prime?
True
Is 7370123 prime?
True
Is 78361139 a composite number?
False
Is 5403361 a prime number?
True
Is 227061091 a composite number?
False
Is 34021817 a prime number?
True
Is 6158401 a prime number?
False
Is 143827253 a composite number?
True
Is 123080717 composite?
False
Is 201265 a composite number?
True
Is 109267 a prime number?
True
Is 976137 a prime number?
False
Is 1606901 a composite number?
False
Is 3322681 prime?
False
Is 22808029 composite?
False
Is 225873769 prime?
False
Is 4385461 prime?
True
Is 1998121 composite?
True
Is 34144699 composite?
False
Is 997001 a composite number?
False
Is 1687909 composite?
False
Is 497003 prime?
False
Is 64221895 a prime number?
False
Is 17130277 prime?
True
Is 129596689 a prime number?
False
Is 55156802 a composite number?
True
Is 3041009 a composite number?
True
Is 105834977 prime?
True
Is 8452937 a prime number?
False
Is 3833363 a composite number?
True
Is 18473297 composite?
False
Is 3587945 prime?
False
Is 334733 prime?
False
Is 95801 a composite number?
False
Is 12919933 a composite number?
True
Is 5351293 a prime number?
False
Is 5590283 composite?
True
Is 15657383 a prime number?
False
Is 315961 a prime number?
True
Is 28008601 a composite number?
False
Is 18799409 a prime number?
True
Is 9875521 composite?
True
Is 2778679 composite?
True
Is 189747361 prime?
True
Is 1524899 composite?
False
Is 943141 prime?
False
Is 344967377 a composite number?
False
Is 7990427 a composite number?
False
Is 90379831 prime?
False
Is 42631418 a prime number?
False
Is 4374247 prime?
True
Is 719931 a composite number?
True
Is 63179 a prime number?
True
Is 2080030735 composite?
True
Is 7811521 prime?
True
Is 2040531 composite?
True
Is 620312827 a prime number?
True
Is 6800417 a prime number?
False
Is 1310303 a prime number?
False
Is 6690107 a composite number?
False
Is 42390461 a composite number?
True
Is 51236579 composite?
False
Is 96011249 a prime number?
False
Is 28225411 prime?
False
Is 12060977 composite?
False
Is 242026703 composite?
True
Is 12393965 prime?
False
Is 10883321 a composite number?
False
Is 29030453 composite?
False
Is 11939609 a composite number?
True
Is 836563979 a prime number?
True
Is 23212477 a prime number?
True
Is 133519147 prime?
True
Is 4484687 a prime number?
True
Is 2340523 a composite number?
True
Is 4467079 a composite number?
True
Is 31013183 prime?
False
Is 87302951 a prime number?
True
Is 1292579 a prime number?
True
Is 312359 prime?
False
Is 4240259 prime?
False
Is 1300501 composite?
False
Is 4965227 a composite number?
False
Is 8735767 prime?
False
Is 45733439 a prime number?
True
Is 67898881 a composite number?
True
Is 41534309 a composite number?
False
Is 356238061 prime?
True
Is 70131961 a prime number?
False
Is 1911839 composite?
False
Is 12763 composite?
False
Is 610271 prime?
True
Is 38259503 a prime number?
False
Is 3954247 a composite number?
True
Is 21985853 composite?
False
Is 2828047 a composite number?
True
Is 7898519 prime?
True
Is 21404249 a prime number?
False
Is 10409033 a prime number?
True
Is 287068493 a composite number?
True
Is 590918777 composite?
False
Is 39735847 prime?
False
Is 3389233 a prime number?
True
Is 839261 prime?
True
Is 74508209 a prime number?
False
Is 904546751 prime?
True
Is 23731811 a prime number?
False
Is 2436227 prime?
False
Is 19114501 a prime number?
False
Is 36870209 a composite number?
False
Is 11516263 composite?
True
Is 65565619 prime?
False
Is 12410231 a composite number?
True
Is 1719727 prime?
False
Is 27137347 prime?
False
Is 58061489 prime?
True
Is 25329781 a composite number?
True
Is 149057291 composite?
False
Is 1480483 prime?
True
Is 15007127 a composite number?
False
Is 42005591 a composite number?
False
Is 615037607 a composite number?
True
Is 21038999 a prime number?
True
Is 37859369 a composite number?
True
Is 122504051 prime?
True
Is 37611083 a composite number?
False
Is 481421 a composite number?
True
Is 20614917 composite?
True
Is 3497927 prime?
False
Is 43680007 a prime number?
False
Is 64807597 a composite number?
False
Is 244975267 a prime number?
False
Is 117096569 composite?
False
Is 7162229 prime?
True
Is 9635693 a prime number?
False
Is 5355413 a prime number?
False
Is 61624501 composite?
False
Is 9773241 a composite number?
True
Is 7265645 a prime number?
False
Is 10350001 a prime number?
False
Is 25513717 a composite number?
True
Is 9557701 prime?
False
Is 572683 a composite number?
False
Is 516470269 a composite number?
True
Is 10239527 a prime number?
True
Is 78226019 a prime number?
False
Is 3468539 a composite number?
True
Is 18265187 prime?
False
Is 6441727 a composite number?
True
Is 6156413 composite?
True
Is 5219839 composite?
True
Is 213952927 a prime number?
True
Is 98411 prime?
True
Is 226676831 composite?
False
Is 28279799 composite?
False
Is 450705823 a composite number?
True
Is 764849 prime?
True
Is 100626657 prime?
False
Is 19939943 composite?
False
Is 6135697 a prime number?
False
Is 1244702 a prime number?
False
Is 1881757 prime?
True
Is 16449709 a composite number?
False
Is 210668797 a prime number?
True
Is 27847861 prime?
False
Is 2773439 prime?
True
Is 1950857 composite?
True
Is 170915285 prime?
False
Is 5466781 prime?
True
Is 26364841 composite?
True
Is 3777953 a prime number?
True
Is 623667407 a prime number?
False
Is 2004581563 a composite number?
False
Is 135173693 composite?
False
Is 163141207 a composite number?
False
Is 47188783 prime?
True
Is 312523 a composite number?
True
Is 8682889 prime?
False
Is 4329209 composite?
False
Is 8000705 a composite number?
True
Is 64451593 a composite number?
True
Is 11322667 a prime number?
True
Is 28075991 composite?
False
Is 15811 composite?
True
Is 1797307 a composite number?
False
Is 5139401 a composite number?
False
Is 1589919 a prime number?
False
Is 79907549 composite?
False
Is 41105369 composite?
True
Is 3554207 a composite number?
True
Is 10482539 prime?
True
Is 21163003 prime?
True
Is 444547121 prime?
True
Is 49969793 prime?
True
Is 130197962 composite?
True
Is 3555797 prime?
False
Is 5428463 a prime number?
True
Is 3925763 a prime number?
False
Is 30055453 composite?
False
Is 122431619 prime?
False
Is 2415599 a prime number?
False
Is 42421459 prime?
True
Is 27394301 a composite number?
True
Is 1008551 a prime number?
False
Is 290327 a prime number?
True
Is 33633827 composite?
True
Is 2740631 a prime number?
True
Is 18756701 composite?
False
Is 566032141 prime?
False
Is 6629647 a composite numb